{"id":13257,"date":"2014-11-25T16:30:38","date_gmt":"2014-11-25T16:30:38","guid":{"rendered":"http:\/\/www.cameraitalianabarcelona.com\/el-centenario-2\/"},"modified":"2017-04-05T09:21:12","modified_gmt":"2017-04-05T09:21:12","slug":"el-centenario","status":"publish","type":"page","link":"https:\/\/www.cameraitalianabarcelona.com\/ca\/el-centenario\/","title":{"rendered":"El Centenario"},"content":{"rendered":"<p style=\"text-align: justify;\"><img loading=\"lazy\" decoding=\"async\" class=\"wp-image-11595 aligncenter\" src=\"http:\/\/www.cameraitalianabarcelona.com\/wp-content\/uploads\/2014\/11\/el-centenario.jpg\" alt=\"el-centenario\" width=\"751\" height=\"305\" data-id=\"11595\" srcset=\"https:\/\/www.cameraitalianabarcelona.com\/wp-content\/uploads\/2014\/11\/el-centenario.jpg 1024w, https:\/\/www.cameraitalianabarcelona.com\/wp-content\/uploads\/2014\/11\/el-centenario-300x121.jpg 300w, https:\/\/www.cameraitalianabarcelona.com\/wp-content\/uploads\/2014\/11\/el-centenario-200x81.jpg 200w\" sizes=\"auto, (max-width: 751px) 100vw, 751px\" \/><\/p>\n<p style=\"text-align: justify;\"><span style=\"color: #ffffff;\">&#8230;..<\/span><\/p>\n<p style=\"text-align: justify;\"><span style=\"color: #000000;\">El 28 de abril de 2014, la C\u00e1mara de Comercio Italiana en Barcelona y la C\u00e1mara de Comercio Italiana en Madrid celebraron el centenario de su constituci\u00f3n en Barcelona. Un largo recorrido en el que las C\u00e1maras Italianas han contribuido al fomento de las relaciones comerciales entre ambos pa\u00edses y al desarrollo y promoci\u00f3n de las empresas italianas.<\/span><\/p>\n<p style=\"text-align: justify;\"><span style=\"color: #000000;\">El evento de celebraci\u00f3n del Centenario tuvo lugar en el Sal\u00f3 de Cent del Ayuntamiento de Barcelona. El Alcalde de Barcelona, el Sr. Xavier Trias, la Presidente de la C\u00e1mara de Comercio Italiana de Barcelona, la Sra. Emanuela Carmenati, y el Presidente de la C\u00e1mara de Comercio e Industria Italiana para Espa\u00f1a, el Sr. Marco Silvio Pizzi, firmaron el Documento Oficial de Conmemoraci\u00f3n del Centenario en homenaje al primer grupo de italianos que lleg\u00f3 a la ciudad de Barcelona y como recuerdo del primer encuentro organizado por el Comit\u00e9 italo-espa\u00f1ol el 21 de abril de 1914.<\/span><\/p>\n<p style=\"text-align: justify;\"><span style=\"color: #000000;\">Al evento asistieron los representantes de las institucionales Italianas de la Embajada, el Consulado General de Italia en Barcelona, \u00a0Assocamerestero, as\u00ed como la Secretaria d\u2019Empresa i Competitivitat\u00a0 de la\u00a0 Generalitat de Catalunya y la Alcald\u00eda de Barcelona.<\/span><\/p>\n<p style=\"text-align: justify;\"><span style=\"color: #000000;\">El Acto de conmemoraci\u00f3n del Centenario finaliz\u00f3 con una Cena en la Casa degli Italiani con todos los asistentes y se aprovecho la ocasi\u00f3n para rendir homenaje al que fue el primer Presidente de la Camera Italiana de Barcelona, el Sr. Ignazio Villavecchia, contando con la presencia de su bisnieto Jorge Villavecchia, quien recibi\u00f3 de manos de la Presidente de la C\u00e1mara Italiana de Barcelona una placa conmemorativa.<\/span><\/p>\n<p>&nbsp;<\/p>\n<p><img loading=\"lazy\" decoding=\"async\" class=\"size-full wp-image-11598 aligncenter\" src=\"http:\/\/www.cameraitalianabarcelona.com\/wp-content\/uploads\/2014\/11\/patrocinadores-camera.jpg\" alt=\"patrocinadores-camera\" width=\"567\" height=\"427\" data-id=\"11598\" srcset=\"https:\/\/www.cameraitalianabarcelona.com\/wp-content\/uploads\/2014\/11\/patrocinadores-camera.jpg 567w, https:\/\/www.cameraitalianabarcelona.com\/wp-content\/uploads\/2014\/11\/patrocinadores-camera-300x225.jpg 300w, https:\/\/www.cameraitalianabarcelona.com\/wp-content\/uploads\/2014\/11\/patrocinadores-camera-132x100.jpg 132w\" sizes=\"auto, (max-width: 567px) 100vw, 567px\" \/><\/p>\n","protected":false},"excerpt":{"rendered":"<p>&#8230;.. El 28 de abril de 2014, la C\u00e1mara de Comercio Italiana en Barcelona y la C\u00e1mara de Comercio Italiana en Madrid celebraron el centenario de su constituci\u00f3n en Barcelona. Un largo recorrido en el que las C\u00e1maras Italianas han contribuido al fomento de las relaciones comerciales entre ambos pa\u00edses y al desarrollo y promoci\u00f3n [&hellip;]<\/p>\n","protected":false},"author":6,"featured_media":0,"parent":0,"menu_order":0,"comment_status":"open","ping_status":"closed","template":"","meta":{"_exactmetrics_skip_tracking":false,"_exactmetrics_sitenote_active":false,"_exactmetrics_sitenote_note":"","_exactmetrics_sitenote_category":0,"ngg_post_thumbnail":0,"footnotes":""},"class_list":["post-13257","page","type-page","status-publish","hentry"],"_links":{"self":[{"href":"https:\/\/www.cameraitalianabarcelona.com\/ca\/wp-json\/wp\/v2\/pages\/13257","targetHints":{"allow":["GET"]}}],"collection":[{"href":"https:\/\/www.cameraitalianabarcelona.com\/ca\/wp-json\/wp\/v2\/pages"}],"about":[{"href":"https:\/\/www.cameraitalianabarcelona.com\/ca\/wp-json\/wp\/v2\/types\/page"}],"author":[{"embeddable":true,"href":"https:\/\/www.cameraitalianabarcelona.com\/ca\/wp-json\/wp\/v2\/users\/6"}],"replies":[{"embeddable":true,"href":"https:\/\/www.cameraitalianabarcelona.com\/ca\/wp-json\/wp\/v2\/comments?post=13257"}],"version-history":[{"count":3,"href":"https:\/\/www.cameraitalianabarcelona.com\/ca\/wp-json\/wp\/v2\/pages\/13257\/revisions"}],"predecessor-version":[{"id":20449,"href":"https:\/\/www.cameraitalianabarcelona.com\/ca\/wp-json\/wp\/v2\/pages\/13257\/revisions\/20449"}],"wp:attachment":[{"href":"https:\/\/www.cameraitalianabarcelona.com\/ca\/wp-json\/wp\/v2\/media?parent=13257"}],"curies":[{"name":"wp","href":"https:\/\/api.w.org\/{rel}","templated":true}]}}

<p style="text-align: justify;"><img loading="lazy" decoding="async" class="wp-image-11595 aligncenter" src="http://www.cameraitalianabarcelona.com/wp-content/uploads/2014/11/el-centenario.jpg" alt="el-centenario" width="751" height="305" data-id="11595" srcset="https://www.cameraitalianabarcelona.com/wp-content/uploads/2014/11/el-centenario.jpg 1024w, https://www.cameraitalianabarcelona.com/wp-content/uploads/2014/11/el-centenario-300x121.jpg 300w, https://www.cameraitalianabarcelona.com/wp-content/uploads/2014/11/el-centenario-200x81.jpg 200w" sizes="auto, (max-width: 751px) 100vw, 751px" /></p>
<p style="text-align: justify;"><span style="color: #ffffff;">&#8230;..</span></p>
<p style="text-align: justify;"><span style="color: #000000;">El 28 de abril de 2014, la Cámara de Comercio Italiana en Barcelona y la Cámara de Comercio Italiana en Madrid celebraron el centenario de su constitución en Barcelona. Un largo recorrido en el que las Cámaras Italianas han contribuido al fomento de las relaciones comerciales entre ambos países y al desarrollo y promoción de las empresas italianas.</span></p>
<p style="text-align: justify;"><span style="color: #000000;">El evento de celebración del Centenario tuvo lugar en el Saló de Cent del Ayuntamiento de Barcelona. El Alcalde de Barcelona, el Sr. Xavier Trias, la Presidente de la Cámara de Comercio Italiana de Barcelona, la Sra. Emanuela Carmenati, y el Presidente de la Cámara de Comercio e Industria Italiana para España, el Sr. Marco Silvio Pizzi, firmaron el Documento Oficial de Conmemoración del Centenario en homenaje al primer grupo de italianos que llegó a la ciudad de Barcelona y como recuerdo del primer encuentro organizado por el Comité italo-español el 21 de abril de 1914.</span></p>
<p style="text-align: justify;"><span style="color: #000000;">Al evento asistieron los representantes de las institucionales Italianas de la Embajada, el Consulado General de Italia en Barcelona,  Assocamerestero, así como la Secretaria d’Empresa i Competitivitat  de la  Generalitat de Catalunya y la Alcaldía de Barcelona.</span></p>
<p style="text-align: justify;"><span style="color: #000000;">El Acto de conmemoración del Centenario finalizó con una Cena en la Casa degli Italiani con todos los asistentes y se aprovecho la ocasión para rendir homenaje al que fue el primer Presidente de la Camera Italiana de Barcelona, el Sr. Ignazio Villavecchia, contando con la presencia de su bisnieto Jorge Villavecchia, quien recibió de manos de la Presidente de la Cámara Italiana de Barcelona una placa conmemorativa.</span></p>
<p>&nbsp;</p>
<p><img loading="lazy" decoding="async" class="size-full wp-image-11598 aligncenter" src="http://www.cameraitalianabarcelona.com/wp-content/uploads/2014/11/patrocinadores-camera.jpg" alt="patrocinadores-camera" width="567" height="427" data-id="11598" srcset="https://www.cameraitalianabarcelona.com/wp-content/uploads/2014/11/patrocinadores-camera.jpg 567w, https://www.cameraitalianabarcelona.com/wp-content/uploads/2014/11/patrocinadores-camera-300x225.jpg 300w, https://www.cameraitalianabarcelona.com/wp-content/uploads/2014/11/patrocinadores-camera-132x100.jpg 132w" sizes="auto, (max-width: 567px) 100vw, 567px" /></p>

<p>&#8230;.. El 28 de abril de 2014, la Cámara de Comercio Italiana en Barcelona y la Cámara de Comercio Italiana en Madrid celebraron el centenario de su constitución en Barcelona. Un largo recorrido en el que las Cámaras Italianas han contribuido al fomento de las relaciones comerciales entre ambos países y al desarrollo y promoción [&hellip;]</p>
