{"id":20577,"date":"2017-02-07T10:22:46","date_gmt":"2017-02-07T10:22:46","guid":{"rendered":"http:\/\/www.cameraitalianabarcelona.com\/homi-milano-septiembre-2017\/"},"modified":"2017-04-06T11:11:40","modified_gmt":"2017-04-06T11:11:40","slug":"homi-milano-septiembre-2017","status":"publish","type":"page","link":"http:\/\/www.cameraitalianabarcelona.com\/it\/homi-milano-septiembre-2017\/","title":{"rendered":"HOMI \u2013 SALONE INTERNAZIONALE DELL&#8217;ARREDAMENTO FIERA MILANO, SETTEMBRE 2017"},"content":{"rendered":"<p>&nbsp;<\/p>\n<p><a href=\"http:\/\/www.cameraitalianabarcelona.com\/wp-content\/uploads\/2017\/02\/homi-milano-2017-website.jpg\"><img loading=\"lazy\" decoding=\"async\" class=\"wp-image-19569 aligncenter\" src=\"http:\/\/www.cameraitalianabarcelona.com\/wp-content\/uploads\/2017\/02\/homi-milano-2017-website-1024x427.jpg\" alt=\"\" width=\"636\" height=\"265\" srcset=\"http:\/\/www.cameraitalianabarcelona.com\/wp-content\/uploads\/2017\/02\/homi-milano-2017-website-1024x427.jpg 1024w, http:\/\/www.cameraitalianabarcelona.com\/wp-content\/uploads\/2017\/02\/homi-milano-2017-website-300x125.jpg 300w, http:\/\/www.cameraitalianabarcelona.com\/wp-content\/uploads\/2017\/02\/homi-milano-2017-website-768x320.jpg 768w, http:\/\/www.cameraitalianabarcelona.com\/wp-content\/uploads\/2017\/02\/homi-milano-2017-website-330x138.jpg 330w, http:\/\/www.cameraitalianabarcelona.com\/wp-content\/uploads\/2017\/02\/homi-milano-2017-website-1920x801.jpg 1920w, http:\/\/www.cameraitalianabarcelona.com\/wp-content\/uploads\/2017\/02\/homi-milano-2017-website-736x307.jpg 736w, http:\/\/www.cameraitalianabarcelona.com\/wp-content\/uploads\/2017\/02\/homi-milano-2017-website-1280x534.jpg 1280w, http:\/\/www.cameraitalianabarcelona.com\/wp-content\/uploads\/2017\/02\/homi-milano-2017-website-414x173.jpg 414w\" sizes=\"auto, (max-width: 636px) 100vw, 636px\" \/><\/a><\/p>\n<p style=\"text-align: justify;\"><span style=\"color: #000000;\"><strong>Settore<\/strong>: Arredamento, Interni, Benessere<\/span><\/p>\n<p style=\"text-align: justify;\"><span style=\"color: #000000;\"><strong>Luogo<\/strong>: Milano<\/span><\/p>\n<p style=\"text-align: justify;\"><span style=\"color: #000000;\"><strong>Da<\/strong>: 15\/09\/2017<\/span><\/p>\n<p style=\"text-align: justify;\"><span style=\"color: #000000;\"><strong>Al<\/strong>: 18\/09\/2017<\/span><\/p>\n<p style=\"text-align: justify;\"><span style=\"color: #000000;\"><strong>Frequenza<\/strong>: 2 volte l&#8217;anno (gennaio\/settembre)<\/span><\/p>\n<p style=\"text-align: justify;\"><span style=\"color: #000000;\"><strong>Visitatori<\/strong>: operatori professionali<\/span><\/p>\n<p style=\"text-align: justify;\"><span style=\"color: #000000;\"><strong>Contatto<\/strong>: CCIB Valentina Raio<\/span><\/p>\n<p style=\"text-align: justify;\"><span style=\"color: #000000;\"><strong>Telefono<\/strong>: +34 93 318 4999<\/span><\/p>\n<p style=\"text-align: justify;\"><span style=\"color: #000000;\"><strong>E-mail<\/strong>: <a href=\"mailto:ferias@camaraitaliana.com\" target=\"_blank\">ferias@camaraitaliana.com<\/a><\/span><\/p>\n<p style=\"text-align: justify;\"><span style=\"color: #000000;\"><strong>Web<\/strong>:<a style=\"color: #000000;\" href=\"http:\/\/www.homimilano.com\/\" target=\"_blank\"> http:\/\/www.homimilano.com\/<\/a><\/span><\/p>\n<p style=\"text-align: justify;\"><span style=\"color: #000000;\"><strong>Organizzatore<\/strong>: Fiera Milano<\/span><\/p>\n<p style=\"text-align: justify;\"><span style=\"color: #000000;\">Homi \u00e9 il nuovo concetto della Fiera di Milano e rappresenta una nuova opportunit\u00e1 di business riguardo il settore del lifestyle.\u00a0All&#8217;interno di Homi, il mondo del regalo, dell&#8217;arredamento, degli interni e del benessere si uniscono dando vita ad un evento dedicato alla persona e ai suoi stili di vita.<\/span><\/p>\n<p style=\"text-align: justify;\"><span style=\"color: #000000;\">Un salone che due volte l&#8217;anno riunisce espositori, buyers, architetti, decoratori, commercianti all&#8217;ingrosso e al dettaglio ,offrendo tutte le ultime tendenze del mercato.<\/span><\/p>\n<p style=\"text-align: justify;\"><span style=\"color: #000000;\">Un evento innovativo che lega i marchi che hanno dato vita al \u201cmade in Italy\u201d alla creativit\u00e1 dello stile italiano e alle aziende di tutto il mondo, con l&#8217;obiettivo di offrire un&#8217;esperienza unica.<\/span><\/p>\n<p style=\"text-align: justify;\"><span style=\"text-decoration: underline; color: #000000;\"><strong>10 AREE DI ESPOSIZIONE<\/strong><\/span><\/p>\n<p style=\"text-align: justify;\"><span style=\"color: #000000;\">\u2022 Living Habits<\/span><br \/>\n<span style=\"color: #000000;\">\u2022 Home Wellness<\/span><br \/>\n<span style=\"color: #000000;\">\u2022 Fragrance &amp; Personal Care<\/span><br \/>\n<span style=\"color: #000000;\">\u2022 Fashion &amp; Jewels<\/span><br \/>\n<span style=\"color: #000000;\">\u2022 Gifts &amp; Events<\/span><br \/>\n<span style=\"color: #000000;\">\u2022 Garcen &amp; Outdoor<\/span><br \/>\n<span style=\"color: #000000;\">\u2022 Kid Style<\/span><br \/>\n<span style=\"color: #000000;\">\u2022 Home Textile<\/span><br \/>\n<span style=\"color: #000000;\">\u2022 Hobby &amp; Work<\/span><br \/>\n<span style=\"color: #000000;\">\u2022 Concept Lab<\/span><\/p>\n<p style=\"text-align: justify;\"><span style=\"text-decoration: underline; color: #000000;\"><strong>PROGRAMMA BUYER INVITATO<\/strong><\/span><\/p>\n<p style=\"text-align: justify;\"><span style=\"color: #000000;\">La CCIB seleziona le maggiori aziende che esercitano attivit\u00e1 d&#8217;importazione e organizza la partecipazione della delegazione spagnola di buyers invitati per la Fiera.<\/span><br \/>\n<span style=\"color: #000000;\">Ogni buyer avr\u00e1 il privilegio di organizzare gratuitamente la visita, la permanenza e l&#8217;agenda BtoB con gli espositori internazionali.<\/span><\/p>\n<p style=\"text-align: justify;\"><span style=\"color: #000000;\">Ogni buyer potr\u00e1 organizzare incontri B2B su misura, attraverso EMP-EXPO MATCHING PROGRAM. Emp ( expo matching program) \u00e9 un sistema di match-making innovativo che permetter\u00e1 agli espositori di contattare e accordare appuntamenti specifici con gli acquirenti prima dell`inizio dell&#8217;evento.<\/span><br \/>\n<span style=\"color: #000000;\">Sar\u00e1 inoltre possibile organizzare incontri attraverso l&#8217;app della Fiera direttamente con lo smartphone.<\/span><\/p>\n<p><span style=\"color: #000000;\"><strong>Per maggiori informazioni contattare:<\/strong><\/span><\/p>\n<p><span style=\"color: #000000;\"><strong>Valentina Raio-CCIB<\/strong><\/span><\/p>\n<p style=\"text-align: justify;\"><span style=\"color: #000000;\"><a style=\"color: #000000;\" href=\"mailto:ferias@camaraitalia.com\"><strong><em>ferias@camaraitaliana.com<\/em><\/strong><\/a><\/span><\/p>\n<p style=\"text-align: justify;\"><strong>+34 933184999<\/strong><\/p>\n","protected":false},"excerpt":{"rendered":"<p>&nbsp; Settore: Arredamento, Interni, Benessere Luogo: Milano Da: 15\/09\/2017 Al: 18\/09\/2017 Frequenza: 2 volte l&#8217;anno (gennaio\/settembre) Visitatori: operatori professionali Contatto: CCIB Valentina Raio Telefono: +34 93 318 4999 E-mail: ferias@camaraitaliana.com Web: http:\/\/www.homimilano.com\/ Organizzatore: Fiera Milano Homi \u00e9 il nuovo concetto della Fiera di Milano e rappresenta una nuova opportunit\u00e1 di business riguardo il settore del [&hellip;]<\/p>\n","protected":false},"author":2,"featured_media":0,"parent":0,"menu_order":0,"comment_status":"closed","ping_status":"closed","template":"","meta":{"_exactmetrics_skip_tracking":false,"_exactmetrics_sitenote_active":false,"_exactmetrics_sitenote_note":"","_exactmetrics_sitenote_category":0,"ngg_post_thumbnail":0,"footnotes":""},"class_list":["post-20577","page","type-page","status-publish","hentry"],"_links":{"self":[{"href":"http:\/\/www.cameraitalianabarcelona.com\/it\/wp-json\/wp\/v2\/pages\/20577","targetHints":{"allow":["GET"]}}],"collection":[{"href":"http:\/\/www.cameraitalianabarcelona.com\/it\/wp-json\/wp\/v2\/pages"}],"about":[{"href":"http:\/\/www.cameraitalianabarcelona.com\/it\/wp-json\/wp\/v2\/types\/page"}],"author":[{"embeddable":true,"href":"http:\/\/www.cameraitalianabarcelona.com\/it\/wp-json\/wp\/v2\/users\/2"}],"replies":[{"embeddable":true,"href":"http:\/\/www.cameraitalianabarcelona.com\/it\/wp-json\/wp\/v2\/comments?post=20577"}],"version-history":[{"count":2,"href":"http:\/\/www.cameraitalianabarcelona.com\/it\/wp-json\/wp\/v2\/pages\/20577\/revisions"}],"predecessor-version":[{"id":20579,"href":"http:\/\/www.cameraitalianabarcelona.com\/it\/wp-json\/wp\/v2\/pages\/20577\/revisions\/20579"}],"wp:attachment":[{"href":"http:\/\/www.cameraitalianabarcelona.com\/it\/wp-json\/wp\/v2\/media?parent=20577"}],"curies":[{"name":"wp","href":"https:\/\/api.w.org\/{rel}","templated":true}]}}

<p>&nbsp;</p>
<p><a href="http://www.cameraitalianabarcelona.com/wp-content/uploads/2017/02/homi-milano-2017-website.jpg"><img loading="lazy" decoding="async" class="wp-image-19569 aligncenter" src="http://www.cameraitalianabarcelona.com/wp-content/uploads/2017/02/homi-milano-2017-website-1024x427.jpg" alt="" width="636" height="265" srcset="http://www.cameraitalianabarcelona.com/wp-content/uploads/2017/02/homi-milano-2017-website-1024x427.jpg 1024w, http://www.cameraitalianabarcelona.com/wp-content/uploads/2017/02/homi-milano-2017-website-300x125.jpg 300w, http://www.cameraitalianabarcelona.com/wp-content/uploads/2017/02/homi-milano-2017-website-768x320.jpg 768w, http://www.cameraitalianabarcelona.com/wp-content/uploads/2017/02/homi-milano-2017-website-330x138.jpg 330w, http://www.cameraitalianabarcelona.com/wp-content/uploads/2017/02/homi-milano-2017-website-1920x801.jpg 1920w, http://www.cameraitalianabarcelona.com/wp-content/uploads/2017/02/homi-milano-2017-website-736x307.jpg 736w, http://www.cameraitalianabarcelona.com/wp-content/uploads/2017/02/homi-milano-2017-website-1280x534.jpg 1280w, http://www.cameraitalianabarcelona.com/wp-content/uploads/2017/02/homi-milano-2017-website-414x173.jpg 414w" sizes="auto, (max-width: 636px) 100vw, 636px" /></a></p>
<p style="text-align: justify;"><span style="color: #000000;"><strong>Settore</strong>: Arredamento, Interni, Benessere</span></p>
<p style="text-align: justify;"><span style="color: #000000;"><strong>Luogo</strong>: Milano</span></p>
<p style="text-align: justify;"><span style="color: #000000;"><strong>Da</strong>: 15/09/2017</span></p>
<p style="text-align: justify;"><span style="color: #000000;"><strong>Al</strong>: 18/09/2017</span></p>
<p style="text-align: justify;"><span style="color: #000000;"><strong>Frequenza</strong>: 2 volte l&#8217;anno (gennaio/settembre)</span></p>
<p style="text-align: justify;"><span style="color: #000000;"><strong>Visitatori</strong>: operatori professionali</span></p>
<p style="text-align: justify;"><span style="color: #000000;"><strong>Contatto</strong>: CCIB Valentina Raio</span></p>
<p style="text-align: justify;"><span style="color: #000000;"><strong>Telefono</strong>: +34 93 318 4999</span></p>
<p style="text-align: justify;"><span style="color: #000000;"><strong>E-mail</strong>: <a href="mailto:ferias@camaraitaliana.com" target="_blank">ferias@camaraitaliana.com</a></span></p>
<p style="text-align: justify;"><span style="color: #000000;"><strong>Web</strong>:<a style="color: #000000;" href="http://www.homimilano.com/" target="_blank"> http://www.homimilano.com/</a></span></p>
<p style="text-align: justify;"><span style="color: #000000;"><strong>Organizzatore</strong>: Fiera Milano</span></p>
<p style="text-align: justify;"><span style="color: #000000;">Homi é il nuovo concetto della Fiera di Milano e rappresenta una nuova opportunitá di business riguardo il settore del lifestyle. All&#8217;interno di Homi, il mondo del regalo, dell&#8217;arredamento, degli interni e del benessere si uniscono dando vita ad un evento dedicato alla persona e ai suoi stili di vita.</span></p>
<p style="text-align: justify;"><span style="color: #000000;">Un salone che due volte l&#8217;anno riunisce espositori, buyers, architetti, decoratori, commercianti all&#8217;ingrosso e al dettaglio ,offrendo tutte le ultime tendenze del mercato.</span></p>
<p style="text-align: justify;"><span style="color: #000000;">Un evento innovativo che lega i marchi che hanno dato vita al “made in Italy” alla creativitá dello stile italiano e alle aziende di tutto il mondo, con l&#8217;obiettivo di offrire un&#8217;esperienza unica.</span></p>
<p style="text-align: justify;"><span style="text-decoration: underline; color: #000000;"><strong>10 AREE DI ESPOSIZIONE</strong></span></p>
<p style="text-align: justify;"><span style="color: #000000;">• Living Habits</span><br />
<span style="color: #000000;">• Home Wellness</span><br />
<span style="color: #000000;">• Fragrance &amp; Personal Care</span><br />
<span style="color: #000000;">• Fashion &amp; Jewels</span><br />
<span style="color: #000000;">• Gifts &amp; Events</span><br />
<span style="color: #000000;">• Garcen &amp; Outdoor</span><br />
<span style="color: #000000;">• Kid Style</span><br />
<span style="color: #000000;">• Home Textile</span><br />
<span style="color: #000000;">• Hobby &amp; Work</span><br />
<span style="color: #000000;">• Concept Lab</span></p>
<p style="text-align: justify;"><span style="text-decoration: underline; color: #000000;"><strong>PROGRAMMA BUYER INVITATO</strong></span></p>
<p style="text-align: justify;"><span style="color: #000000;">La CCIB seleziona le maggiori aziende che esercitano attivitá d&#8217;importazione e organizza la partecipazione della delegazione spagnola di buyers invitati per la Fiera.</span><br />
<span style="color: #000000;">Ogni buyer avrá il privilegio di organizzare gratuitamente la visita, la permanenza e l&#8217;agenda BtoB con gli espositori internazionali.</span></p>
<p style="text-align: justify;"><span style="color: #000000;">Ogni buyer potrá organizzare incontri B2B su misura, attraverso EMP-EXPO MATCHING PROGRAM. Emp ( expo matching program) é un sistema di match-making innovativo che permetterá agli espositori di contattare e accordare appuntamenti specifici con gli acquirenti prima dell`inizio dell&#8217;evento.</span><br />
<span style="color: #000000;">Sará inoltre possibile organizzare incontri attraverso l&#8217;app della Fiera direttamente con lo smartphone.</span></p>
<p><span style="color: #000000;"><strong>Per maggiori informazioni contattare:</strong></span></p>
<p><span style="color: #000000;"><strong>Valentina Raio-CCIB</strong></span></p>
<p style="text-align: justify;"><span style="color: #000000;"><a style="color: #000000;" href="mailto:ferias@camaraitalia.com"><strong><em>ferias@camaraitaliana.com</em></strong></a></span></p>
<p style="text-align: justify;"><strong>+34 933184999</strong></p>

<p>&nbsp; Settore: Arredamento, Interni, Benessere Luogo: Milano Da: 15/09/2017 Al: 18/09/2017 Frequenza: 2 volte l&#8217;anno (gennaio/settembre) Visitatori: operatori professionali Contatto: CCIB Valentina Raio Telefono: +34 93 318 4999 E-mail: ferias@camaraitaliana.com Web: http://www.homimilano.com/ Organizzatore: Fiera Milano Homi é il nuovo concetto della Fiera di Milano e rappresenta una nuova opportunitá di business riguardo il settore del [&hellip;]</p>
